1
Calculate the remainder when 1470103 is divided by 359.
357
Calculate the remainder when 28170 is divided by 14077.
16
Calculate the remainder when 448 is divided by 12.
4
What is the remainder when 140 is divided by 124?
16
What is the remainder when 3693 is divided by 203?
39
Calculate the remainder when 104318 is divided by 173.
172
What is the remainder when 39644 is divided by 413?
409
Calculate the remainder when 69613 is divided by 273.
271
Calculate the remainder when 108793 is divided by 118.
115
Calculate the remainder when 8576 is divided by 866.
782
What is the remainder when 4728 is divided by 208?
152
Calculate the remainder when 107220 is divided by 26.
22
What is the remainder when 19407 is divided by 267?
183
Calculate the remainder when 1885 is divided by 137.
104
What is the remainder when 1881 is divided by 1872?
9
What is the remainder when 464 is divided by 42?
2
Calculate the remainder when 5393 is divided by 672.
17
What is the remainder when 3100 is divided by 66?
64
What is the remainder when 2603 is divided by 520?
3
What is the remainder when 229488 is divided by 593?
590
What is the remainder when 44557 is divided by 1353?
1261
What is the remainder when 2300 is divided by 2271?
29
What is the remainder when 1262644 is divided by 6?
4
What is the remainder when 849 is divided by 104?
17
What is the remainder when 16361 is divided by 346?
99
What is the remainder when 149836 is divided by 40?
36
Calculate the remainder when 1577 is divided by 104.
17
Calculate the remainder when 848 is divided by 517.
331
Calculate the remainder when 950578 is divided by 313.
310
Calculate the remainder when 72366 is divided by 18090.
6
Calculate the remainder when 102603 is divided by 42.
39
What is the remainder when 6381 is divided by 6347?
34
Calculate the remainder when 330051 is divided by 7.
1
Calculate the remainder when 169415 is divided by 197.
192
What is the remainder when 73980 is divided by 418?
412
What is the remainder when 15413 is divided by 69?
26
What is the remainder when 70857 is divided by 42?
3
What is the remainder when 59918 is divided by 26?
14
What is the remainder when 98960 is divided by 14116?
148
What is the remainder when 16127 is divided by 384?
383
What is the remainder when 18017 is divided by 21?
20
What is the remainder when 4385369 is divided by 822?
821
What is the remainder when 15803 is divided by 1415?
238
What is the remainder when 18523 is divided by 343?
1
Calculate the remainder when 5860 is divided by 2894.
72
What is the remainder when 22701 is divided by 176?
173
What is the remainder when 178533 is divided by 73?
48
What is the remainder when 40069 is divided by 113?
67
Calculate the remainder when 479578 is divided by 20.
18
What is the remainder when 8480 is divided by 1950?
680
What is the remainder when 6137 is divided by 6135?
2
What is the remainder when 19871 is divided by 598?
137
What is the remainder when 57050 is divided by 514?
510
Calculate the remainder when 662555 is divided by 17.
14
Calculate the remainder when 8092 is divided by 125.
92
Calculate the remainder when 2276 is divided by 1809.
467
Calculate the remainder when 11746 is divided by 531.
64
Calculate the remainder when 548 is divided by 260.
28
Calculate the remainder when 602 is divided by 201.
200
What is the remainder when 174181 is divided by 1935?
31
What is the remainder when 8792 is divided by 8670?
122
Calculate the remainder when 2803477 is divided by 20.
17
What is the remainder when 2586 is divided by 2435?
151
Calculate the remainder when 3252797 is divided by 535.
532
What is the remainder when 2200 is divided by 2184?
16
What is the remainder when 69051 is divided by 677?
674
Calculate the remainder when 2532 is divided by 171.
138
What is the remainder when 40882 is divided by 144?
130
What is the remainder when 103 is divided by 47?
9
Calculate the remainder when 174546 is divided by 22.
20
Calculate the remainder when 61671 is divided by 5606.
5
Calculate the remainder when 286320 is divided by 59.
52
What is the remainder when 16988487 is divided by 69?
66
Calculate the remainder when 4034 is divided by 575.
9
Calculate the remainder when 6270 is divided by 405.
195
Calculate the remainder when 8280 is divided by 307.
298
Calculate the remainder when 63792 is divided by 50.
42
What is the remainder when 41366 is divided by 1424?
70
What is the remainder when 20948 is divided by 176?
4
What is the remainder when 14869 is divided by 78?
49
Calculate the remainder when 5759 is divided by 2282.
1195
What is the remainder when 1281 is divided by 123?
51
What is the remainder when 48399 is divided by 440?
439
Calculate the remainder when 86168 is divided by 463.
50
Calculate the remainder when 628843 is divided by 339.
337
What is the remainder when 28385 is divided by 916?
905
Calculate the remainder when 7148 is divided by 397.
2
What is the remainder when 5518 is divided by 398?
344
What is the remainder when 510 is divided by 26?
16
What is the remainder when 9215 is divided by 3?
2
What is the remainder when 2568 is divided by 2437?
131
Calculate the remainder when 460430 is divided by 44.
14
What is the remainder when 213644 is divided by 4189?
5
Calculate the remainder when 3077220 is divided by 119.
118
What is the remainder when 237974 is divided by 5?
4
Calculate the remainder when 243484 is divided by 591.
583
What is the remainder when 36122 is divided by 85?
82
Calculate the remainder when 295125 is divided by 147547.
31
Calculate the remainder when 11290 is divided by 44.
26
Calculate the remainder when 27866 is divided by 101.
91
Calculate the remainder when 8634 is divided by 972.
858
What is the remainder when 63158 is divided by 1662?
2
What is the remainder when 505387 is divided by 13?
12
What is the remainder when 2018 is divided by 476?
114
What is the remainder when 24601 is divided by 8191?
28
What is the remainder when 797998 is divided by 25?
23
What is the remainder when 1042 is divided by 159?
88
Calculate the remainder when 2255016 is divided by 22.
16
Calculate the remainder when 121104 is divided by 95.
74
Calculate the remainder when 1669575 is divided by 637.
635
Calculate the remainder when 1340 is divided by 265.
15
What is the remainder when 2304 is divided by 1150?
4
Calculate the remainder when 2734 is divided by 277.
241
What is the remainder when 1227 is divided by 611?
5
Calculate the remainder when 141304 is divided by 6728.
16
What is the remainder when 53668 is divided by 8?
4
What is the remainder when 99650 is divided by 91?
5
Calculate the remainder when 902547 is divided by 279.
261
What is the remainder when 97118 is divided by 98?
0
What is the remainder when 54284 is divided by 532?
20
What is the remainder when 4186 is divided by 128?
90
What is the remainder when 88523 is divided by 697?
4
What is the remainder when 5347 is divided by 1742?
121
Calculate the remainder when 11283 is divided by 98.
13
Calculate the remainder when 24445 is divided by 4846.
215
Calculate the remainder when 52680 is divided by 122.
98
What is the remainder when 51171 is divided by 1968?
3
Calculate the remainder when 71433 is divided by 470.
463
Calculate the remainder when 35107 is divided by 11.
6
Calculate the remainder when 63033 is divided by 21010.
3
Calculate the remainder when 39003 is divided by 19491.
21
Calculate the remainder when 2159 is divided by 112.
31
What is the remainder when 36930 is divided by 12103?
621
What is the remainder when 24504 is divided by 8064?
312
What is the remainder when 3991 is divided by 700?
491
Calculate the remainder when 50323 is divided by 352.
339
What is the remainder when 171151 is divided by 152?
151
What is the remainder when 4407 is divided by 545?
47
What is the remainder when 2916 is divided by 487?
481
What is the remainder when 155401 is divided by 259?
1
Calculate the remainder when 6304 is divided by 2089.
37
Calculate the remainder when 14195 is divided by 2836.
15
Calculate the remainder when 7896 is divided by 324.
120
What is the remainder when 9691 is divided by 2316?
427
What is the remainder when 49762 is divided by 7092?
118
What is the remainder when 4372 is divided by 125?
122
Calculate the 